*v - 13 = -h + v. What is the units digit of h?
9
Let h(g) = -26*g - 5. What is the tens digit of h(-2)?
4
Let x = 225 - 187. What is the units digit of x?
8
Let c(s) = -s**3 - 9*s**2 - 7*s. Let y be c(-8). Let q = -5 - y. Suppose -5*j - 22 = -2, 18 = z - q*j. What is the units digit of z?
6
Let g be 9 + -2 - (-1)/1. Suppose -4*m - g - 8 = 0. Let h(r) = -3*r - 6. What is the units digit of h(m)?
6
Suppose 7 = i - 17. What is the units digit of i?
4
Let g = 139 - -2. What is the hundreds digit of g?
1
What is the tens digit of 2 - -15 - (-7 + 4 - -2)?
1
Let k = 5 + -3. Let a(i) = -i - 1. Let h be a(5). Let w = k - h. What is the units digit of w?
8
Let r = 29 - 42. Let i = r - -29. What is the units digit of i?
6
Suppose t - 4*p = 3*t - 28, t = 4*p + 8. Suppose -21 = -2*m + m + 4*c, -2*m + 2*c = -t. Let u = 4 + m. What is the units digit of u?
5
What is the tens digit of 1385/30 - 2/12?
4
Let o(k) = -2*k**2 + 2*k - 1. Let v be o(1). Let r be 0/((2/1)/v). Suppose r = -g - 1 + 9. What is the units digit of g?
8
Suppose 2634 = 8*q + 946. What is the tens digit of q?
1
Let v be (1 - 2) + -9 + 2. Let q be 34/8 + 2/v. What is the units digit of (-3)/6 + 38/q?
9
Let q(r) = 4*r + 1. Let k be q(8). Let u = k + 2. What is the tens digit of u?
3
Let w = -9 - -20. What is the units digit of w?
1
Let j = 1 + 21. What is the units digit of j?
2
Let f be (-4)/(2*(-2)/80). Suppose -4*r + f = r. What is the units digit of r?
6
Let y be 0/((-1)/3*-6). Suppose j + y = 38. What is the tens digit of j?
3
Suppose -5*l + 3*l - 5 = -f, -4*l - 7 = -f. Let b = 95 - 45. What is the units digit of b/6 + l/3?
8
Suppose -5*c + 358 = -222. What is the tens digit of c?
1
Let h = -18 - -1. Let r = -11 - h. What is the units digit of r?
6
Let g be -3 - -6*(-1)/(-2). Let t = 4 + g. What is the units digit of t?
4
Let i be (-9)/(-2) + 3/6. Suppose u - i*k = 13 - 2, 4*k + 8 = 0. What is the units digit of u?
1
Let i(x) = 12*x - 1. Let j(f) = f + 1. Let u be j(0). What is the tens digit of i(u)?
1
Suppose 2*t + t - 78 = -3*q, -2*q - t + 53 = 0. What is the tens digit of q?
2
Suppose 2*j - 1 = -3*g, 0*g + 7 = 3*j - g. What is the units digit of (-2 + 38 - 2)/j?
7
Let v(s) be the second derivative of -2*s**3/3 - 5*s**2/2 - s. What is the units digit of v(-4)?
1
Suppose -c - 483 = -5*b, 2*b - c = c + 198. What is the tens digit of b?
9
Let i be 15/(-10)*(0 + -2). Suppose 2*y = i + 3. What is the units digit of y?
3
Let j(a) = a**2 - 4*a + 3. Let w(l) be the third derivative of -l**4/12 - 3*l**3/2 + 2*l**2. Let i be w(-7). What is the units digit of j(i)?
8
Suppose 3*t + 10 = 8*t. Suppose -t*o + 23 = -o. What is the tens digit of o?
2
Suppose -4 = -s - 1. Suppose s*r + 0 = 9. What is the units digit of r?
3
Let k(d) = -d**2 - 3*d - 1. Let r be k(-4). Let s(g) = -g - 3. Let a be s(r). Let u = 4 - a. What is the units digit of u?
2
Suppose 160 - 30 = 2*j. What is the tens digit of j?
6
Suppose 5 = -3*c + 4*c. What is the units digit of c?
5
Let f(w) = -4*w + 8. Let l be f(-10). Suppose -3*y = -o + 12, -2*o = 2*y - 0*y - l. What is the tens digit of o?
2
Suppose 0 = -3*g + 20 + 97. Let v = g - 23. What is the units digit of v?
6
Suppose 8*b - 60 = 6*b. What is the tens digit of b?
3
Let j(x) = 9*x + 1. Let z be j(11). What is the units digit of z/15 + (-1)/(-3)?
7
Let r(d) = -2*d**3 - 7*d**2 - 5*d + 4. Let l = -11 + 7. Let x be r(l). Suppose -t - x = -5*t. What is the tens digit of t?
1
Suppose 10*z - 16 = 6*z. Suppose -3*d - 3*g = d - 32, -d = z*g - 21. What is the units digit of d?
5
Suppose 4*u - 524 = -q, 5*u - 2*u - q = 393. What is the hundreds digit of u?
1
Suppose -330 = o - 7*o. What is the tens digit of o?
5
Let d(q) = -14*q + 3. Let l be d(-3). Suppose 2*z + 5*k = -9 + l, -3*z + 2*k = -16. What is the units digit of z?
8
Let w(p) = 10*p**2 + 5*p**3 - p - 2*p - 2 + p - 4*p**3. What is the units digit of w(-10)?
8
Suppose -o = -y, 5 = 2*o - y + 2. What is the units digit of o?
3
Suppose 0*d = -5*d + 40. Suppose 0 = d*z - 5*z - 3. Suppose -z - 6 = -x. What is the units digit of x?
7
Let i(o) be the first derivative of 7*o**2/2 + 3*o - 1. Let q be i(-3). What is the units digit of (-10)/(-45) - 122/q?
7
Suppose 6*g - 149 - 37 = 0. What is the units digit of (-2)/(0 - 2) + g?
2
Suppose 2*h = -2*h. Suppose -2*u = s - 5, -4 = -s - h*u - u. Suppose 47 = s*w + 5*a, a + 17 = w + 4*a. What is the tens digit of w?
1
Let q be 9/6*(-18)/(-1). Suppose -8 = -5*s + q. What is the units digit of s?
7
Let t(o) = o**2 - 3. What is the units digit of t(7)?
6
Suppose -5 - 3 = -4*w. Suppose 0 = x - w - 2. What is the units digit of x?
4
Let s(k) = -k - 4. Let h be s(-8). Let d be -1*2*6/h. Let r = 5 + d. What is the units digit of r?
2
Let d(x) = x**2 - 5*x - 7. Let t be d(5). Let m be t/((-42)/(-16))*-3. Suppose -1 = r - b - m, -4*b = 4*r - 4. What is the units digit of r?
4
Suppose 2*k = 7*k. Let t be 1*1*(0 - k). Suppose -f + 4 + 7 = t. What is the units digit of f?
1
Suppose w - 3*t - 58 = -0*t, 182 = 3*w - t. What is the units digit of w?
1
Let z(q) = -q**3 - 5*q**2 - 5*q - 2. Let v = -4 - 0. Let d be z(v). What is the units digit of (-8 + d)*3*-1?
8
Let i be (2 - 32/10)*15. What is the units digit of 5*(-1)/(15/i)?
6
Let j = 255 + -100. What is the hundreds digit of j?
1
Let b(y) = 13*y**2 - 5*y. What is the tens digit of b(2)?
4
Suppose -5*n + 14 = -1. Suppose 2*o = -n*j + 4, -o + 2*j = -0*o - 9. Suppose -7 - 23 = -o*a. What is the units digit of a?
6
Let f(c) = 2*c**2 + c - 7. Let o be f(6). What is the units digit of 12/(-18) - o/(-3)?
3
Suppose -5*r = 40 - 15. Let u = 18 - r. What is the units digit of u?
3
Let h be (102/(-4))/(2/4). Let m = 242 + -171. Let d = h + m. What is the tens digit of d?
2
Suppose 4*f - 20 = 4*v, -f + 2*f - 3*v = -5. Let g = -71 - -74. What is the units digit of (f/(-6) - -2)*g?
1
Let d be (19 - 1)*(-1 + 2). What is the units digit of (4/8)/(1/d)?
9
Let b(w) = w**3 - 20*w**2 + 22*w - 14. What is the units digit of b(19)?
3
What is the units digit of (((-36)/15)/((-3)/(-45)))/(-1)?
6
Suppose 5*s + 2*i + 37 + 2 = 0, -i + 12 = -2*s. Let r(g) = -g**2 - 7*g + 5. Let a be r(s). Suppose -2*q = -3*q + a. What is the units digit of q?
5
Let h be (-8)/(-2)*1074/(-8). What is the units digit of 1/6 - h/18?
0
What is the tens digit of 660/28 - (-8)/(-14)?
2
Let c(d) = d - 3. Let q be c(11). Let k(s) = 0*s + 2*s + q*s - s**2 + 1 - 5. What is the units digit of k(9)?
5
Let r be 2/(-3) - 28/(-6). Let n = -4 + 1. What is the units digit of r/n*-6 - 0?
8
Let a = 5 - -21. What is the units digit of a?
6
Let t(x) = x + 6. Let l be t(7). Let d = 5 + l. What is the tens digit of d?
1
Let u(b) = -b**2 - 7*b + 11. Let o be u(-11). Let g = -16 - o. What is the tens digit of g?
1
Let x = 26 + 94. What is the units digit of x?
0
Let h(g) = g**2 + 3*g - 4. What is the units digit of h(-5)?
6
Let g be 2 + -1 - 0 - -1. Let r(l) = 0 + 9 - 1 - l**2 - g. What is the units digit of r(0)?
6
Suppose 0*h = -h. Suppose -102 = -2*t - 6. Suppose -5*x + 2*i = -t, h*i + 2*i = x - 16. What is the units digit of x?
8
Let s be (14/(-3))/((-2)/3). Suppose 270 = s*f - f. What is the units digit of f?
5
Let p = 211 + -28. What is the tens digit of p?
8
Suppose -5*m + 885 = 5*x - 10*m, 4*x - 2*m = 714. Suppose 4*u + 44 - x = 0. What is the tens digit of u?
3
Let c(o) = 6*o**2 + 1. Let s(a) = 7*a**2 + a. Let p(f) = 6*c(f) - 5*s(f). What is the units digit of p(5)?
6
Let l = 228 + -98. What is the hundreds digit of l?
1
Let k = 2 - 0. Suppose -5*t = -k*t - 15. Suppose r + 65 = t*r + 5*j, 3*r = -2*j + 40. What is the units digit of r?
0
Suppose 55 = -3*v + 145. What is the units digit of v/6*4/5?
4
Suppose 3*u + 2 = 8. Suppose -5*q - 4*r = -13, u*q + 0*r - 3*r - 19 = 0. Suppose 0*v - 40 = -q*v. What is the units digit of v?
8
Let j(o) = -o**3 - 2*o**2 - 4. Let r be j(-3). Suppose 30 = 5*z - 5*u, -u - 1 = z - r. What is the units digit of z?
5
Suppose -12 = -0*a + 4*a. Let d be ((-1)/a)/(2/(-6)). Let s(x) = -7*x - 1. What is the units digit of s(d)?
6
Let t = 35 + -13. What is the tens digit of t?
2
Let j(w) = -w**3 + w**2. Let d be j(-1). Suppose 3*q + 27 = d*c, q - 7 = -c - c. Let o(v) = 2*v - 2. What is the tens digit of o(c)?
1
Let z be (-1 + 2)*-1 - -5. Suppose -5*m + 25 = 0, 0*i - 3*i - z*m = -38. What is